{"id":1889,"date":"2023-09-13T12:31:09","date_gmt":"2023-09-13T10:31:09","guid":{"rendered":"https:\/\/klimaatcoalitie.be\/?post_type=tribe_events&#038;p=1889"},"modified":"2023-11-13T09:42:21","modified_gmt":"2023-11-13T08:42:21","slug":"atelier-bannieres","status":"publish","type":"tribe_events","link":"https:\/\/klimaatcoalitie-coalitionclimat.be\/fr\/event\/atelier-bannieres\/","title":{"rendered":"Atelier banni\u00e8res"},"content":{"rendered":"<p>Le 2 d\u00e9cembre, la CoalitionClimat organisera un atelier pour fabriquer ensemble des banderoles et des pancartes. Vous pourrez ensuite les r\u00e9cup\u00e9rer au stand de Greenpeace au d\u00e9but de la marche.<\/p>\n<p>Informations pratiques :<\/p>\n<ul>\n<li>Quand ? Le 2 d\u00e9cembre de 14h00 \u00e0 18h00, vous \u00eates les bienvenus au warehouse de Greenpeace<\/li>\n<li>O\u00f9 ? Rue Claessens 53, 1020 Laeken<\/li>\n<li>Que pouvez-vous apporter ?\u00a0 Toi-m\u00eame, tes ami.e.s ou famille et &#8230; des id\u00e9es sympas \u00e0 peindre sur ta banni\u00e8re\/placard. Tout le mat\u00e9riel sera fourni !<\/li>\n<\/ul>\n","protected":false},"excerpt":{"rendered":"<p>Le 2 d\u00e9cembre, la CoalitionClimat organisera un atelier pour fabriquer ensemble des banderoles et des pancartes. Vous pourrez ensuite les r\u00e9cup\u00e9rer au stand de Greenpeace au d\u00e9but de la marche. [&hellip;]<\/p>\n","protected":false},"author":143,"featured_media":1691,"template":"","meta":{"_acf_changed":false,"inline_featured_image":false,"_EventAllDay":false,"_EventTimezone":"Europe\/Paris","_EventStartDate":"2023-12-02 14:00:00","_EventEndDate":"2023-12-02 18:00:00","_EventStartDateUTC":"2023-12-02 13:00:00","_EventEndDateUTC":"2023-12-02 17:00:00","_EventShowMap":true,"_EventShowMapLink":true,"_EventURL":"","_EventCost":"","_EventCostDescription":"","_EventCurrencySymbol":"","_EventCurrencyCode":"","_EventCurrencyPosition":"suffix","_EventDateTimeSeparator":"","_EventTimeRangeSeparator":"","_EventOrganizerID":[],"_EventVenueID":[2463],"_OrganizerEmail":"","_OrganizerPhone":"","_OrganizerWebsite":"","_VenueAddress":"","_VenueCity":"","_VenueCountry":"","_VenueProvince":"","_VenueState":"","_VenueZip":"","_VenuePhone":"","_VenueURL":"","_VenueStateProvince":"","_VenueLat":"","_VenueLng":"","_VenueShowMap":false,"_VenueShowMapLink":false,"_tribe_events_status":"","_tribe_events_status_reason":"","footnotes":""},"tags":[],"tribe_events_cat":[],"class_list":["post-1889","tribe_events","type-tribe_events","status-publish","has-post-thumbnail","hentry"],"acf":[],"yoast_head":"<!-- This site is optimized with the Yoast SEO plugin v27.2 - https:\/\/yoast.com\/product\/yoast-seo-wordpress\/ -->\n<title>Atelier banni\u00e8res - Coalition Climat<\/title>\n<meta name=\"robots\" content=\"index, follow, max-snippet:-1, max-image-preview:large, max-video-preview:-1\" \/>\n<link rel=\"canonical\" href=\"https:\/\/klimaatcoalitie-coalitionclimat.be\/fr\/event\/atelier-bannieres\/\" \/>\n<meta property=\"og:locale\" content=\"fr_FR\" \/>\n<meta property=\"og:type\" content=\"article\" \/>\n<meta property=\"og:title\" content=\"Atelier banni\u00e8res - Coalition Climat\" \/>\n<meta property=\"og:description\" content=\"Le 2 d\u00e9cembre, la CoalitionClimat organisera un atelier pour fabriquer ensemble des banderoles et des pancartes. Vous pourrez ensuite les r\u00e9cup\u00e9rer au stand de Greenpeace au d\u00e9but de la marche. [&hellip;]\" \/>\n<meta property=\"og:url\" content=\"https:\/\/klimaatcoalitie-coalitionclimat.be\/fr\/event\/atelier-bannieres\/\" \/>\n<meta property=\"og:site_name\" content=\"Coalition Climat\" \/>\n<meta property=\"article:modified_time\" content=\"2023-11-13T08:42:21+00:00\" \/>\n<meta property=\"og:image\" content=\"https:\/\/klimaatcoalitie-coalitionclimat.be\/wp-content\/uploads\/2023\/08\/ecole-commune-saint-vast1.jpg\" \/>\n\t<meta property=\"og:image:width\" content=\"720\" \/>\n\t<meta property=\"og:image:height\" content=\"960\" \/>\n\t<meta property=\"og:image:type\" content=\"image\/jpeg\" \/>\n<meta name=\"twitter:card\" content=\"summary_large_image\" \/>\n<meta name=\"twitter:label1\" content=\"Dur\u00e9e de lecture estim\u00e9e\" \/>\n\t<meta name=\"twitter:data1\" content=\"1 minute\" \/>\n<script type=\"application\/ld+json\" class=\"yoast-schema-graph\">{\"@context\":\"https:\/\/schema.org\",\"@graph\":[{\"@type\":\"WebPage\",\"@id\":\"https:\/\/klimaatcoalitie-coalitionclimat.be\/fr\/event\/atelier-bannieres\/\",\"url\":\"https:\/\/klimaatcoalitie-coalitionclimat.be\/fr\/event\/atelier-bannieres\/\",\"name\":\"Atelier banni\u00e8res - Coalition Climat\",\"isPartOf\":{\"@id\":\"https:\/\/klimaatcoalitie-coalitionclimat.be\/fr\/#website\"},\"primaryImageOfPage\":{\"@id\":\"https:\/\/klimaatcoalitie-coalitionclimat.be\/fr\/event\/atelier-bannieres\/#primaryimage\"},\"image\":{\"@id\":\"https:\/\/klimaatcoalitie-coalitionclimat.be\/fr\/event\/atelier-bannieres\/#primaryimage\"},\"thumbnailUrl\":\"https:\/\/klimaatcoalitie-coalitionclimat.be\/wp-content\/uploads\/2023\/08\/ecole-commune-saint-vast1.jpg\",\"datePublished\":\"2023-09-13T10:31:09+00:00\",\"dateModified\":\"2023-11-13T08:42:21+00:00\",\"breadcrumb\":{\"@id\":\"https:\/\/klimaatcoalitie-coalitionclimat.be\/fr\/event\/atelier-bannieres\/#breadcrumb\"},\"inLanguage\":\"fr-FR\",\"potentialAction\":[{\"@type\":\"ReadAction\",\"target\":[\"https:\/\/klimaatcoalitie-coalitionclimat.be\/fr\/event\/atelier-bannieres\/\"]}]},{\"@type\":\"ImageObject\",\"inLanguage\":\"fr-FR\",\"@id\":\"https:\/\/klimaatcoalitie-coalitionclimat.be\/fr\/event\/atelier-bannieres\/#primaryimage\",\"url\":\"https:\/\/klimaatcoalitie-coalitionclimat.be\/wp-content\/uploads\/2023\/08\/ecole-commune-saint-vast1.jpg\",\"contentUrl\":\"https:\/\/klimaatcoalitie-coalitionclimat.be\/wp-content\/uploads\/2023\/08\/ecole-commune-saint-vast1.jpg\",\"width\":720,\"height\":960},{\"@type\":\"BreadcrumbList\",\"@id\":\"https:\/\/klimaatcoalitie-coalitionclimat.be\/fr\/event\/atelier-bannieres\/#breadcrumb\",\"itemListElement\":[{\"@type\":\"ListItem\",\"position\":1,\"name\":\"Accueil\",\"item\":\"https:\/\/klimaatcoalitie-coalitionclimat.be\/fr\/\"},{\"@type\":\"ListItem\",\"position\":2,\"name\":\"\u00c9v\u00e8nements\",\"item\":\"https:\/\/klimaatcoalitie-coalitionclimat.be\/fr\/events\/\"},{\"@type\":\"ListItem\",\"position\":3,\"name\":\"Atelier banni\u00e8res\"}]},{\"@type\":\"WebSite\",\"@id\":\"https:\/\/klimaatcoalitie-coalitionclimat.be\/fr\/#website\",\"url\":\"https:\/\/klimaatcoalitie-coalitionclimat.be\/fr\/\",\"name\":\"Coalition Climat\",\"description\":\"Verenigt, versterkt en mobiliseert iedereen in Belgi&euml; die ijvert voor een leefbaar klimaat.\",\"publisher\":{\"@id\":\"https:\/\/klimaatcoalitie-coalitionclimat.be\/fr\/#organization\"},\"potentialAction\":[{\"@type\":\"SearchAction\",\"target\":{\"@type\":\"EntryPoint\",\"urlTemplate\":\"https:\/\/klimaatcoalitie-coalitionclimat.be\/fr\/?s={search_term_string}\"},\"query-input\":{\"@type\":\"PropertyValueSpecification\",\"valueRequired\":true,\"valueName\":\"search_term_string\"}}],\"inLanguage\":\"fr-FR\"},{\"@type\":\"Organization\",\"@id\":\"https:\/\/klimaatcoalitie-coalitionclimat.be\/fr\/#organization\",\"name\":\"Coalition Climat\",\"url\":\"https:\/\/klimaatcoalitie-coalitionclimat.be\/fr\/\",\"logo\":{\"@type\":\"ImageObject\",\"inLanguage\":\"fr-FR\",\"@id\":\"https:\/\/klimaatcoalitie-coalitionclimat.be\/fr\/#\/schema\/logo\/image\/\",\"url\":\"https:\/\/klimaatcoalitie-coalitionclimat.be\/wp-content\/uploads\/2023\/07\/logo-sticker-full.svg\",\"contentUrl\":\"https:\/\/klimaatcoalitie-coalitionclimat.be\/wp-content\/uploads\/2023\/07\/logo-sticker-full.svg\",\"width\":297,\"height\":98,\"caption\":\"Coalition Climat\"},\"image\":{\"@id\":\"https:\/\/klimaatcoalitie-coalitionclimat.be\/fr\/#\/schema\/logo\/image\/\"}}]}<\/script>\n<!-- \/ Yoast SEO plugin. -->","yoast_head_json":{"title":"Atelier banni\u00e8res - Coalition Climat","robots":{"index":"index","follow":"follow","max-snippet":"max-snippet:-1","max-image-preview":"max-image-preview:large","max-video-preview":"max-video-preview:-1"},"canonical":"https:\/\/klimaatcoalitie-coalitionclimat.be\/fr\/event\/atelier-bannieres\/","og_locale":"fr_FR","og_type":"article","og_title":"Atelier banni\u00e8res - Coalition Climat","og_description":"Le 2 d\u00e9cembre, la CoalitionClimat organisera un atelier pour fabriquer ensemble des banderoles et des pancartes. Vous pourrez ensuite les r\u00e9cup\u00e9rer au stand de Greenpeace au d\u00e9but de la marche. [&hellip;]","og_url":"https:\/\/klimaatcoalitie-coalitionclimat.be\/fr\/event\/atelier-bannieres\/","og_site_name":"Coalition Climat","article_modified_time":"2023-11-13T08:42:21+00:00","og_image":[{"width":720,"height":960,"url":"https:\/\/klimaatcoalitie-coalitionclimat.be\/wp-content\/uploads\/2023\/08\/ecole-commune-saint-vast1.jpg","type":"image\/jpeg"}],"twitter_card":"summary_large_image","twitter_misc":{"Dur\u00e9e de lecture estim\u00e9e":"1 minute"},"schema":{"@context":"https:\/\/schema.org","@graph":[{"@type":"WebPage","@id":"https:\/\/klimaatcoalitie-coalitionclimat.be\/fr\/event\/atelier-bannieres\/","url":"https:\/\/klimaatcoalitie-coalitionclimat.be\/fr\/event\/atelier-bannieres\/","name":"Atelier banni\u00e8res - Coalition Climat","isPartOf":{"@id":"https:\/\/klimaatcoalitie-coalitionclimat.be\/fr\/#website"},"primaryImageOfPage":{"@id":"https:\/\/klimaatcoalitie-coalitionclimat.be\/fr\/event\/atelier-bannieres\/#primaryimage"},"image":{"@id":"https:\/\/klimaatcoalitie-coalitionclimat.be\/fr\/event\/atelier-bannieres\/#primaryimage"},"thumbnailUrl":"https:\/\/klimaatcoalitie-coalitionclimat.be\/wp-content\/uploads\/2023\/08\/ecole-commune-saint-vast1.jpg","datePublished":"2023-09-13T10:31:09+00:00","dateModified":"2023-11-13T08:42:21+00:00","breadcrumb":{"@id":"https:\/\/klimaatcoalitie-coalitionclimat.be\/fr\/event\/atelier-bannieres\/#breadcrumb"},"inLanguage":"fr-FR","potentialAction":[{"@type":"ReadAction","target":["https:\/\/klimaatcoalitie-coalitionclimat.be\/fr\/event\/atelier-bannieres\/"]}]},{"@type":"ImageObject","inLanguage":"fr-FR","@id":"https:\/\/klimaatcoalitie-coalitionclimat.be\/fr\/event\/atelier-bannieres\/#primaryimage","url":"https:\/\/klimaatcoalitie-coalitionclimat.be\/wp-content\/uploads\/2023\/08\/ecole-commune-saint-vast1.jpg","contentUrl":"https:\/\/klimaatcoalitie-coalitionclimat.be\/wp-content\/uploads\/2023\/08\/ecole-commune-saint-vast1.jpg","width":720,"height":960},{"@type":"BreadcrumbList","@id":"https:\/\/klimaatcoalitie-coalitionclimat.be\/fr\/event\/atelier-bannieres\/#breadcrumb","itemListElement":[{"@type":"ListItem","position":1,"name":"Accueil","item":"https:\/\/klimaatcoalitie-coalitionclimat.be\/fr\/"},{"@type":"ListItem","position":2,"name":"\u00c9v\u00e8nements","item":"https:\/\/klimaatcoalitie-coalitionclimat.be\/fr\/events\/"},{"@type":"ListItem","position":3,"name":"Atelier banni\u00e8res"}]},{"@type":"WebSite","@id":"https:\/\/klimaatcoalitie-coalitionclimat.be\/fr\/#website","url":"https:\/\/klimaatcoalitie-coalitionclimat.be\/fr\/","name":"Coalition Climat","description":"Verenigt, versterkt en mobiliseert iedereen in Belgi&euml; die ijvert voor een leefbaar klimaat.","publisher":{"@id":"https:\/\/klimaatcoalitie-coalitionclimat.be\/fr\/#organization"},"potentialAction":[{"@type":"SearchAction","target":{"@type":"EntryPoint","urlTemplate":"https:\/\/klimaatcoalitie-coalitionclimat.be\/fr\/?s={search_term_string}"},"query-input":{"@type":"PropertyValueSpecification","valueRequired":true,"valueName":"search_term_string"}}],"inLanguage":"fr-FR"},{"@type":"Organization","@id":"https:\/\/klimaatcoalitie-coalitionclimat.be\/fr\/#organization","name":"Coalition Climat","url":"https:\/\/klimaatcoalitie-coalitionclimat.be\/fr\/","logo":{"@type":"ImageObject","inLanguage":"fr-FR","@id":"https:\/\/klimaatcoalitie-coalitionclimat.be\/fr\/#\/schema\/logo\/image\/","url":"https:\/\/klimaatcoalitie-coalitionclimat.be\/wp-content\/uploads\/2023\/07\/logo-sticker-full.svg","contentUrl":"https:\/\/klimaatcoalitie-coalitionclimat.be\/wp-content\/uploads\/2023\/07\/logo-sticker-full.svg","width":297,"height":98,"caption":"Coalition Climat"},"image":{"@id":"https:\/\/klimaatcoalitie-coalitionclimat.be\/fr\/#\/schema\/logo\/image\/"}}]}},"_links":{"self":[{"href":"https:\/\/klimaatcoalitie-coalitionclimat.be\/fr\/wp-json\/wp\/v2\/tribe_events\/1889","targetHints":{"allow":["GET"]}}],"collection":[{"href":"https:\/\/klimaatcoalitie-coalitionclimat.be\/fr\/wp-json\/wp\/v2\/tribe_events"}],"about":[{"href":"https:\/\/klimaatcoalitie-coalitionclimat.be\/fr\/wp-json\/wp\/v2\/types\/tribe_events"}],"author":[{"embeddable":true,"href":"https:\/\/klimaatcoalitie-coalitionclimat.be\/fr\/wp-json\/wp\/v2\/users\/143"}],"version-history":[{"count":4,"href":"https:\/\/klimaatcoalitie-coalitionclimat.be\/fr\/wp-json\/wp\/v2\/tribe_events\/1889\/revisions"}],"predecessor-version":[{"id":2460,"href":"https:\/\/klimaatcoalitie-coalitionclimat.be\/fr\/wp-json\/wp\/v2\/tribe_events\/1889\/revisions\/2460"}],"wp:featuredmedia":[{"embeddable":true,"href":"https:\/\/klimaatcoalitie-coalitionclimat.be\/fr\/wp-json\/wp\/v2\/media\/1691"}],"wp:attachment":[{"href":"https:\/\/klimaatcoalitie-coalitionclimat.be\/fr\/wp-json\/wp\/v2\/media?parent=1889"}],"wp:term":[{"taxonomy":"post_tag","embeddable":true,"href":"https:\/\/klimaatcoalitie-coalitionclimat.be\/fr\/wp-json\/wp\/v2\/tags?post=1889"},{"taxonomy":"tribe_events_cat","embeddable":true,"href":"https:\/\/klimaatcoalitie-coalitionclimat.be\/fr\/wp-json\/wp\/v2\/tribe_events_cat?post=1889"}],"curies":[{"name":"wp","href":"https:\/\/api.w.org\/{rel}","templated":true}]}}

Atelier bannières

<p>Le 2 décembre, la CoalitionClimat organisera un atelier pour fabriquer ensemble des banderoles et des pancartes. Vous pourrez ensuite les récupérer au stand de Greenpeace au début de la marche.</p>
<p>Informations pratiques :</p>
<ul>
<li>Quand ? Le 2 décembre de 14h00 à 18h00, vous êtes les bienvenus au warehouse de Greenpeace</li>
<li>Où ? Rue Claessens 53, 1020 Laeken</li>
<li>Que pouvez-vous apporter ?  Toi-même, tes ami.e.s ou famille et &#8230; des idées sympas à peindre sur ta bannière/placard. Tout le matériel sera fourni !</li>
</ul>

<p>Le 2 décembre, la CoalitionClimat organisera un atelier pour fabriquer ensemble des banderoles et des pancartes. Vous pourrez ensuite les récupérer au stand de Greenpeace au début de la marche. [&hellip;]</p>

<!-- This site is optimized with the Yoast SEO plugin v27.2 - https://yoast.com/product/yoast-seo-wordpress/ -->
<title>Atelier bannières - Coalition Climat</title>
<meta name="robots" content="index, follow, max-snippet:-1, max-image-preview:large, max-video-preview:-1" />
<link rel="canonical" href="https://klimaatcoalitie-coalitionclimat.be/fr/event/atelier-bannieres/" />
<meta property="og:locale" content="fr_FR" />
<meta property="og:type" content="article" />
<meta property="og:title" content="Atelier bannières - Coalition Climat" />
<meta property="og:description" content="Le 2 décembre, la CoalitionClimat organisera un atelier pour fabriquer ensemble des banderoles et des pancartes. Vous pourrez ensuite les récupérer au stand de Greenpeace au début de la marche. [&hellip;]" />
<meta property="og:url" content="https://klimaatcoalitie-coalitionclimat.be/fr/event/atelier-bannieres/" />
<meta property="og:site_name" content="Coalition Climat" />
<meta property="article:modified_time" content="2023-11-13T08:42:21+00:00" />
<meta property="og:image" content="https://klimaatcoalitie-coalitionclimat.be/wp-content/uploads/2023/08/ecole-commune-saint-vast1.jpg" />
	<meta property="og:image:width" content="720" />
	<meta property="og:image:height" content="960" />
	<meta property="og:image:type" content="image/jpeg" />
<meta name="twitter:card" content="summary_large_image" />
<meta name="twitter:label1" content="Durée de lecture estimée" />
	<meta name="twitter:data1" content="1 minute" />
<script type="application/ld+json" class="yoast-schema-graph">{"@context":"https://schema.org","@graph":[{"@type":"WebPage","@id":"https://klimaatcoalitie-coalitionclimat.be/fr/event/atelier-bannieres/","url":"https://klimaatcoalitie-coalitionclimat.be/fr/event/atelier-bannieres/","name":"Atelier bannières - Coalition Climat","isPartOf":{"@id":"https://klimaatcoalitie-coalitionclimat.be/fr/#website"},"primaryImageOfPage":{"@id":"https://klimaatcoalitie-coalitionclimat.be/fr/event/atelier-bannieres/#primaryimage"},"image":{"@id":"https://klimaatcoalitie-coalitionclimat.be/fr/event/atelier-bannieres/#primaryimage"},"thumbnailUrl":"https://klimaatcoalitie-coalitionclimat.be/wp-content/uploads/2023/08/ecole-commune-saint-vast1.jpg","datePublished":"2023-09-13T10:31:09+00:00","dateModified":"2023-11-13T08:42:21+00:00","breadcrumb":{"@id":"https://klimaatcoalitie-coalitionclimat.be/fr/event/atelier-bannieres/#breadcrumb"},"inLanguage":"fr-FR","potentialAction":[{"@type":"ReadAction","target":["https://klimaatcoalitie-coalitionclimat.be/fr/event/atelier-bannieres/"]}]},{"@type":"ImageObject","inLanguage":"fr-FR","@id":"https://klimaatcoalitie-coalitionclimat.be/fr/event/atelier-bannieres/#primaryimage","url":"https://klimaatcoalitie-coalitionclimat.be/wp-content/uploads/2023/08/ecole-commune-saint-vast1.jpg","contentUrl":"https://klimaatcoalitie-coalitionclimat.be/wp-content/uploads/2023/08/ecole-commune-saint-vast1.jpg","width":720,"height":960},{"@type":"BreadcrumbList","@id":"https://klimaatcoalitie-coalitionclimat.be/fr/event/atelier-bannieres/#breadcrumb","itemListElement":[{"@type":"ListItem","position":1,"name":"Accueil","item":"https://klimaatcoalitie-coalitionclimat.be/fr/"},{"@type":"ListItem","position":2,"name":"Évènements","item":"https://klimaatcoalitie-coalitionclimat.be/fr/events/"},{"@type":"ListItem","position":3,"name":"Atelier bannières"}]},{"@type":"WebSite","@id":"https://klimaatcoalitie-coalitionclimat.be/fr/#website","url":"https://klimaatcoalitie-coalitionclimat.be/fr/","name":"Coalition Climat","description":"Verenigt, versterkt en mobiliseert iedereen in Belgi&euml; die ijvert voor een leefbaar klimaat.","publisher":{"@id":"https://klimaatcoalitie-coalitionclimat.be/fr/#organization"},"potentialAction":[{"@type":"SearchAction","target":{"@type":"EntryPoint","urlTemplate":"https://klimaatcoalitie-coalitionclimat.be/fr/?s={search_term_string}"},"query-input":{"@type":"PropertyValueSpecification","valueRequired":true,"valueName":"search_term_string"}}],"inLanguage":"fr-FR"},{"@type":"Organization","@id":"https://klimaatcoalitie-coalitionclimat.be/fr/#organization","name":"Coalition Climat","url":"https://klimaatcoalitie-coalitionclimat.be/fr/","logo":{"@type":"ImageObject","inLanguage":"fr-FR","@id":"https://klimaatcoalitie-coalitionclimat.be/fr/#/schema/logo/image/","url":"https://klimaatcoalitie-coalitionclimat.be/wp-content/uploads/2023/07/logo-sticker-full.svg","contentUrl":"https://klimaatcoalitie-coalitionclimat.be/wp-content/uploads/2023/07/logo-sticker-full.svg","width":297,"height":98,"caption":"Coalition Climat"},"image":{"@id":"https://klimaatcoalitie-coalitionclimat.be/fr/#/schema/logo/image/"}}]}</script>
<!-- / Yoast SEO plugin. -->

Atelier bannières - Coalition Climat

Le 2 décembre, la CoalitionClimat organisera un atelier pour fabriquer ensemble des banderoles et des pancartes. Vous pourrez ensuite les récupérer au stand de Greenpeace au début de la marche. [&hellip;]

Évènements
