{"id":8925,"date":"2025-02-06T08:53:20","date_gmt":"2025-02-06T07:53:20","guid":{"rendered":"https:\/\/klimaatcoalitie.be\/?page_id=8925"},"modified":"2025-07-15T16:36:25","modified_gmt":"2025-07-15T14:36:25","slug":"cliques","status":"publish","type":"page","link":"https:\/\/klimaatcoalitie-coalitionclimat.be\/fr\/cliques\/","title":{"rendered":"Cliques"},"content":{"rendered":"<h2 class=\"wp-block-heading has-text-align-center\" id=\"deja-groupcount-cliques-creees\">D\u00e9j\u00e0 <span class=\"group-count\">72<\/span> cliques cr\u00e9\u00e9es !<\/h2>\n\n\n<div style=\"height:30px\" aria-hidden=\"true\" class=\"wp-block-spacer\"><\/div>\n\n\n\n<div class=\"wp-block-columns is-layout-flex wp-container-core-columns-is-layout-9d6595d7 wp-block-columns-is-layout-flex\">\n<div class=\"wp-block-column is-layout-flow wp-block-column-is-layout-flow\">\n<p>Le 5 octobre, fais entendre ta voix. Crie, chante, joue d\u2019un instrument, danse pour le climat!<br><\/p>\n\n\n<h6 class=\"wp-block-heading\" id=\"mais-cest-quoi-une-clique\"><strong>Mais c&rsquo;est quoi une clique?<\/strong><\/h6>\n\n\n<p>Ce sont des personnes qui s&rsquo;associent pour marcher ensemble. Que ce soit ton voisinage, ton club de sport, tes coll\u00e8gues, ta famille, ton association, &#8230; tout groupe est le bienvenu. <\/p>\n\n\n\n<p><\/p>\n\n\n\n<p>Ces cliques, r\u00e9pandues dans le cort\u00e8ge, mettent l\u2019ambiance et amplifient notre message en faisant appel \u00e0 leur imagination et leur cr\u00e9ativit\u00e9: pancartes, d\u00e9guisements, slogan, chansons, &#8230;<\/p>\n<\/div>\n\n\n\n<div class=\"wp-block-column is-layout-flow wp-block-column-is-layout-flow\">\n<p><\/p>\n\n\n\n<p><strong>Concr\u00e8tement<\/strong>, vous marchez ensemble avec ou sans th\u00e8me, en chantant ou en dansant, en criant des slogans que vous avez invent\u00e9, ou en silence &#8211; mais ensemble.<\/p>\n\n\n\n<p><\/p>\n\n\n\n<p><\/p>\n\n\n\n<p>Les cliques se donnent un point de rendez-vous le 5 octobre: au d\u00e9part de la MARCHE CLIMAT ou pr\u00e8s de chez eux pour aller jusqu&rsquo;\u00e0 la marche ensemble.<\/p>\n\n\n\n<p><\/p>\n\n\n<h6 class=\"wp-block-heading\" id=\"tu-nas-pas-didee-mais-plein-denvies-et-de-volonte-rejoins-un-groupe-existant\"><strong>Tu n\u2019as pas d\u2019id\u00e9e, mais plein d\u2019envies et de volont\u00e9? Rejoins un groupe existant!<\/strong><\/h6><\/div>\n<\/div>\n\n\n\n<p><\/p>\n\n\n\n<p>Une clique, c&rsquo;est ce qu&rsquo;on en fera.<\/p>\n\n\n\n<div style=\"height:20px\" aria-hidden=\"true\" class=\"wp-block-spacer\"><\/div>\n\n\n\n<div class=\"wp-block-buttons is-content-justification-center is-layout-flex wp-container-core-buttons-is-layout-16018d1d wp-block-buttons-is-layout-flex\">\n<div class=\"wp-block-button\"><a class=\"wp-block-button__link wp-element-button\" href=\"https:\/\/klimaatcoalitie-coalitionclimat.be\/creer-un-groupe\/\">Cr\u00e9e ta clique<\/a><\/div>\n\n\n\n<div class=\"wp-block-button is-style-secondary is-style-fill\"><a class=\"wp-block-button__link wp-element-button\" href=\"https:\/\/klimaatcoalitie-coalitionclimat.be\/rejoindre-un-groupe\/\" target=\"_blank\" rel=\"noreferrer noopener\">Rejoins une clique pr\u00e8s de chez toi<\/a><\/div>\n<\/div>\n\n\n\n<div style=\"height:50px\" aria-hidden=\"true\" class=\"wp-block-spacer\"><\/div>\n\n\n\n<p><\/p>\n","protected":false},"excerpt":{"rendered":"<p>D\u00e9j\u00e0 cliques cr\u00e9\u00e9es ! Le 5 octobre, fais entendre ta voix. Crie, chante, joue d\u2019un instrument, danse pour le climat! Mais c&rsquo;est quoi une clique? Ce sont des personnes qui [&hellip;]<\/p>\n","protected":false},"author":9,"featured_media":0,"parent":0,"menu_order":0,"comment_status":"closed","ping_status":"closed","template":"template-full-width.php","meta":{"_acf_changed":false,"inline_featured_image":false,"_EventAllDay":false,"_EventTimezone":"","_EventStartDate":"","_EventEndDate":"","_EventStartDateUTC":"","_EventEndDateUTC":"","_EventShowMap":false,"_EventShowMapLink":false,"_EventURL":"","_EventCost":"","_EventCostDescription":"","_EventCurrencySymbol":"","_EventCurrencyCode":"","_EventCurrencyPosition":"","_EventDateTimeSeparator":"","_EventTimeRangeSeparator":"","_EventOrganizerID":[],"_EventVenueID":[],"_OrganizerEmail":"","_OrganizerPhone":"","_OrganizerWebsite":"","_VenueAddress":"","_VenueCity":"","_VenueCountry":"","_VenueProvince":"","_VenueState":"","_VenueZip":"","_VenuePhone":"","_VenueURL":"","_VenueStateProvince":"","_VenueLat":"","_VenueLng":"","_VenueShowMap":false,"_VenueShowMapLink":false,"footnotes":""},"class_list":["post-8925","page","type-page","status-publish","hentry"],"acf":[],"yoast_head":"<!-- This site is optimized with the Yoast SEO plugin v27.2 - https:\/\/yoast.com\/product\/yoast-seo-wordpress\/ -->\n<title>Cliques - Coalition Climat<\/title>\n<meta name=\"robots\" content=\"index, follow, max-snippet:-1, max-image-preview:large, max-video-preview:-1\" \/>\n<link rel=\"canonical\" href=\"https:\/\/klimaatcoalitie-coalitionclimat.be\/fr\/cliques\/\" \/>\n<meta property=\"og:locale\" content=\"fr_FR\" \/>\n<meta property=\"og:type\" content=\"article\" \/>\n<meta property=\"og:title\" content=\"Cliques - Coalition Climat\" \/>\n<meta property=\"og:description\" content=\"D\u00e9j\u00e0 cliques cr\u00e9\u00e9es ! Le 5 octobre, fais entendre ta voix. Crie, chante, joue d\u2019un instrument, danse pour le climat! Mais c&rsquo;est quoi une clique? Ce sont des personnes qui [&hellip;]\" \/>\n<meta property=\"og:url\" content=\"https:\/\/klimaatcoalitie-coalitionclimat.be\/fr\/cliques\/\" \/>\n<meta property=\"og:site_name\" content=\"Coalition Climat\" \/>\n<meta property=\"article:modified_time\" content=\"2025-07-15T14:36:25+00:00\" \/>\n<meta name=\"twitter:card\" content=\"summary_large_image\" \/>\n<meta name=\"twitter:label1\" content=\"Dur\u00e9e de lecture estim\u00e9e\" \/>\n\t<meta name=\"twitter:data1\" content=\"1 minute\" \/>\n<script type=\"application\/ld+json\" class=\"yoast-schema-graph\">{\"@context\":\"https:\/\/schema.org\",\"@graph\":[{\"@type\":\"WebPage\",\"@id\":\"https:\/\/klimaatcoalitie-coalitionclimat.be\/fr\/cliques\/\",\"url\":\"https:\/\/klimaatcoalitie-coalitionclimat.be\/fr\/cliques\/\",\"name\":\"Cliques - Coalition Climat\",\"isPartOf\":{\"@id\":\"https:\/\/klimaatcoalitie-coalitionclimat.be\/fr\/#website\"},\"datePublished\":\"2025-02-06T07:53:20+00:00\",\"dateModified\":\"2025-07-15T14:36:25+00:00\",\"breadcrumb\":{\"@id\":\"https:\/\/klimaatcoalitie-coalitionclimat.be\/fr\/cliques\/#breadcrumb\"},\"inLanguage\":\"fr-FR\",\"potentialAction\":[{\"@type\":\"ReadAction\",\"target\":[\"https:\/\/klimaatcoalitie-coalitionclimat.be\/fr\/cliques\/\"]}]},{\"@type\":\"BreadcrumbList\",\"@id\":\"https:\/\/klimaatcoalitie-coalitionclimat.be\/fr\/cliques\/#breadcrumb\",\"itemListElement\":[{\"@type\":\"ListItem\",\"position\":1,\"name\":\"Accueil\",\"item\":\"https:\/\/klimaatcoalitie-coalitionclimat.be\/fr\/\"},{\"@type\":\"ListItem\",\"position\":2,\"name\":\"Cliques\"}]},{\"@type\":\"WebSite\",\"@id\":\"https:\/\/klimaatcoalitie-coalitionclimat.be\/fr\/#website\",\"url\":\"https:\/\/klimaatcoalitie-coalitionclimat.be\/fr\/\",\"name\":\"Coalition Climat\",\"description\":\"Verenigt, versterkt en mobiliseert iedereen in Belgi&euml; die ijvert voor een leefbaar klimaat.\",\"publisher\":{\"@id\":\"https:\/\/klimaatcoalitie-coalitionclimat.be\/fr\/#organization\"},\"potentialAction\":[{\"@type\":\"SearchAction\",\"target\":{\"@type\":\"EntryPoint\",\"urlTemplate\":\"https:\/\/klimaatcoalitie-coalitionclimat.be\/fr\/?s={search_term_string}\"},\"query-input\":{\"@type\":\"PropertyValueSpecification\",\"valueRequired\":true,\"valueName\":\"search_term_string\"}}],\"inLanguage\":\"fr-FR\"},{\"@type\":\"Organization\",\"@id\":\"https:\/\/klimaatcoalitie-coalitionclimat.be\/fr\/#organization\",\"name\":\"Coalition Climat\",\"url\":\"https:\/\/klimaatcoalitie-coalitionclimat.be\/fr\/\",\"logo\":{\"@type\":\"ImageObject\",\"inLanguage\":\"fr-FR\",\"@id\":\"https:\/\/klimaatcoalitie-coalitionclimat.be\/fr\/#\/schema\/logo\/image\/\",\"url\":\"https:\/\/klimaatcoalitie-coalitionclimat.be\/wp-content\/uploads\/2023\/07\/logo-sticker-full.svg\",\"contentUrl\":\"https:\/\/klimaatcoalitie-coalitionclimat.be\/wp-content\/uploads\/2023\/07\/logo-sticker-full.svg\",\"width\":297,\"height\":98,\"caption\":\"Coalition Climat\"},\"image\":{\"@id\":\"https:\/\/klimaatcoalitie-coalitionclimat.be\/fr\/#\/schema\/logo\/image\/\"}}]}<\/script>\n<!-- \/ Yoast SEO plugin. -->","yoast_head_json":{"title":"Cliques - Coalition Climat","robots":{"index":"index","follow":"follow","max-snippet":"max-snippet:-1","max-image-preview":"max-image-preview:large","max-video-preview":"max-video-preview:-1"},"canonical":"https:\/\/klimaatcoalitie-coalitionclimat.be\/fr\/cliques\/","og_locale":"fr_FR","og_type":"article","og_title":"Cliques - Coalition Climat","og_description":"D\u00e9j\u00e0 cliques cr\u00e9\u00e9es ! Le 5 octobre, fais entendre ta voix. Crie, chante, joue d\u2019un instrument, danse pour le climat! Mais c&rsquo;est quoi une clique? Ce sont des personnes qui [&hellip;]","og_url":"https:\/\/klimaatcoalitie-coalitionclimat.be\/fr\/cliques\/","og_site_name":"Coalition Climat","article_modified_time":"2025-07-15T14:36:25+00:00","twitter_card":"summary_large_image","twitter_misc":{"Dur\u00e9e de lecture estim\u00e9e":"1 minute"},"schema":{"@context":"https:\/\/schema.org","@graph":[{"@type":"WebPage","@id":"https:\/\/klimaatcoalitie-coalitionclimat.be\/fr\/cliques\/","url":"https:\/\/klimaatcoalitie-coalitionclimat.be\/fr\/cliques\/","name":"Cliques - Coalition Climat","isPartOf":{"@id":"https:\/\/klimaatcoalitie-coalitionclimat.be\/fr\/#website"},"datePublished":"2025-02-06T07:53:20+00:00","dateModified":"2025-07-15T14:36:25+00:00","breadcrumb":{"@id":"https:\/\/klimaatcoalitie-coalitionclimat.be\/fr\/cliques\/#breadcrumb"},"inLanguage":"fr-FR","potentialAction":[{"@type":"ReadAction","target":["https:\/\/klimaatcoalitie-coalitionclimat.be\/fr\/cliques\/"]}]},{"@type":"BreadcrumbList","@id":"https:\/\/klimaatcoalitie-coalitionclimat.be\/fr\/cliques\/#breadcrumb","itemListElement":[{"@type":"ListItem","position":1,"name":"Accueil","item":"https:\/\/klimaatcoalitie-coalitionclimat.be\/fr\/"},{"@type":"ListItem","position":2,"name":"Cliques"}]},{"@type":"WebSite","@id":"https:\/\/klimaatcoalitie-coalitionclimat.be\/fr\/#website","url":"https:\/\/klimaatcoalitie-coalitionclimat.be\/fr\/","name":"Coalition Climat","description":"Verenigt, versterkt en mobiliseert iedereen in Belgi&euml; die ijvert voor een leefbaar klimaat.","publisher":{"@id":"https:\/\/klimaatcoalitie-coalitionclimat.be\/fr\/#organization"},"potentialAction":[{"@type":"SearchAction","target":{"@type":"EntryPoint","urlTemplate":"https:\/\/klimaatcoalitie-coalitionclimat.be\/fr\/?s={search_term_string}"},"query-input":{"@type":"PropertyValueSpecification","valueRequired":true,"valueName":"search_term_string"}}],"inLanguage":"fr-FR"},{"@type":"Organization","@id":"https:\/\/klimaatcoalitie-coalitionclimat.be\/fr\/#organization","name":"Coalition Climat","url":"https:\/\/klimaatcoalitie-coalitionclimat.be\/fr\/","logo":{"@type":"ImageObject","inLanguage":"fr-FR","@id":"https:\/\/klimaatcoalitie-coalitionclimat.be\/fr\/#\/schema\/logo\/image\/","url":"https:\/\/klimaatcoalitie-coalitionclimat.be\/wp-content\/uploads\/2023\/07\/logo-sticker-full.svg","contentUrl":"https:\/\/klimaatcoalitie-coalitionclimat.be\/wp-content\/uploads\/2023\/07\/logo-sticker-full.svg","width":297,"height":98,"caption":"Coalition Climat"},"image":{"@id":"https:\/\/klimaatcoalitie-coalitionclimat.be\/fr\/#\/schema\/logo\/image\/"}}]}},"_links":{"self":[{"href":"https:\/\/klimaatcoalitie-coalitionclimat.be\/fr\/wp-json\/wp\/v2\/pages\/8925","targetHints":{"allow":["GET"]}}],"collection":[{"href":"https:\/\/klimaatcoalitie-coalitionclimat.be\/fr\/wp-json\/wp\/v2\/pages"}],"about":[{"href":"https:\/\/klimaatcoalitie-coalitionclimat.be\/fr\/wp-json\/wp\/v2\/types\/page"}],"author":[{"embeddable":true,"href":"https:\/\/klimaatcoalitie-coalitionclimat.be\/fr\/wp-json\/wp\/v2\/users\/9"}],"replies":[{"embeddable":true,"href":"https:\/\/klimaatcoalitie-coalitionclimat.be\/fr\/wp-json\/wp\/v2\/comments?post=8925"}],"version-history":[{"count":9,"href":"https:\/\/klimaatcoalitie-coalitionclimat.be\/fr\/wp-json\/wp\/v2\/pages\/8925\/revisions"}],"predecessor-version":[{"id":9763,"href":"https:\/\/klimaatcoalitie-coalitionclimat.be\/fr\/wp-json\/wp\/v2\/pages\/8925\/revisions\/9763"}],"wp:attachment":[{"href":"https:\/\/klimaatcoalitie-coalitionclimat.be\/fr\/wp-json\/wp\/v2\/media?parent=8925"}],"curies":[{"name":"wp","href":"https:\/\/api.w.org\/{rel}","templated":true}]}}

<h2 class="wp-block-heading has-text-align-center" id="deja-groupcount-cliques-creees">Déjà <span class="group-count">72</span> cliques créées !</h2>


<div style="height:30px" aria-hidden="true" class="wp-block-spacer"></div>



<div class="wp-block-columns is-layout-flex wp-container-core-columns-is-layout-9d6595d7 wp-block-columns-is-layout-flex">
<div class="wp-block-column is-layout-flow wp-block-column-is-layout-flow">
<p>Le 5 octobre, fais entendre ta voix. Crie, chante, joue d’un instrument, danse pour le climat!<br></p>


<h6 class="wp-block-heading" id="mais-cest-quoi-une-clique"><strong>Mais c&rsquo;est quoi une clique?</strong></h6>


<p>Ce sont des personnes qui s&rsquo;associent pour marcher ensemble. Que ce soit ton voisinage, ton club de sport, tes collègues, ta famille, ton association, &#8230; tout groupe est le bienvenu. </p>



<p></p>



<p>Ces cliques, répandues dans le cortège, mettent l’ambiance et amplifient notre message en faisant appel à leur imagination et leur créativité: pancartes, déguisements, slogan, chansons, &#8230;</p>
</div>



<div class="wp-block-column is-layout-flow wp-block-column-is-layout-flow">
<p></p>



<p><strong>Concrètement</strong>, vous marchez ensemble avec ou sans thème, en chantant ou en dansant, en criant des slogans que vous avez inventé, ou en silence &#8211; mais ensemble.</p>



<p></p>



<p></p>



<p>Les cliques se donnent un point de rendez-vous le 5 octobre: au départ de la MARCHE CLIMAT ou près de chez eux pour aller jusqu&rsquo;à la marche ensemble.</p>



<p></p>


<h6 class="wp-block-heading" id="tu-nas-pas-didee-mais-plein-denvies-et-de-volonte-rejoins-un-groupe-existant"><strong>Tu n’as pas d’idée, mais plein d’envies et de volonté? Rejoins un groupe existant!</strong></h6></div>
</div>



<p></p>



<p>Une clique, c&rsquo;est ce qu&rsquo;on en fera.</p>



<div style="height:20px" aria-hidden="true" class="wp-block-spacer"></div>



<div class="wp-block-buttons is-content-justification-center is-layout-flex wp-container-core-buttons-is-layout-16018d1d wp-block-buttons-is-layout-flex">
<div class="wp-block-button"><a class="wp-block-button__link wp-element-button" href="https://klimaatcoalitie-coalitionclimat.be/creer-un-groupe/">Crée ta clique</a></div>



<div class="wp-block-button is-style-secondary is-style-fill"><a class="wp-block-button__link wp-element-button" href="https://klimaatcoalitie-coalitionclimat.be/rejoindre-un-groupe/" target="_blank" rel="noreferrer noopener">Rejoins une clique près de chez toi</a></div>
</div>



<div style="height:50px" aria-hidden="true" class="wp-block-spacer"></div>



<p></p>

<p>Déjà cliques créées ! Le 5 octobre, fais entendre ta voix. Crie, chante, joue d’un instrument, danse pour le climat! Mais c&rsquo;est quoi une clique? Ce sont des personnes qui [&hellip;]</p>

<!-- This site is optimized with the Yoast SEO plugin v27.2 - https://yoast.com/product/yoast-seo-wordpress/ -->
<title>Cliques - Coalition Climat</title>
<meta name="robots" content="index, follow, max-snippet:-1, max-image-preview:large, max-video-preview:-1" />
<link rel="canonical" href="https://klimaatcoalitie-coalitionclimat.be/fr/cliques/" />
<meta property="og:locale" content="fr_FR" />
<meta property="og:type" content="article" />
<meta property="og:title" content="Cliques - Coalition Climat" />
<meta property="og:description" content="Déjà cliques créées ! Le 5 octobre, fais entendre ta voix. Crie, chante, joue d’un instrument, danse pour le climat! Mais c&rsquo;est quoi une clique? Ce sont des personnes qui [&hellip;]" />
<meta property="og:url" content="https://klimaatcoalitie-coalitionclimat.be/fr/cliques/" />
<meta property="og:site_name" content="Coalition Climat" />
<meta property="article:modified_time" content="2025-07-15T14:36:25+00:00" />
<meta name="twitter:card" content="summary_large_image" />
<meta name="twitter:label1" content="Durée de lecture estimée" />
	<meta name="twitter:data1" content="1 minute" />
<script type="application/ld+json" class="yoast-schema-graph">{"@context":"https://schema.org","@graph":[{"@type":"WebPage","@id":"https://klimaatcoalitie-coalitionclimat.be/fr/cliques/","url":"https://klimaatcoalitie-coalitionclimat.be/fr/cliques/","name":"Cliques - Coalition Climat","isPartOf":{"@id":"https://klimaatcoalitie-coalitionclimat.be/fr/#website"},"datePublished":"2025-02-06T07:53:20+00:00","dateModified":"2025-07-15T14:36:25+00:00","breadcrumb":{"@id":"https://klimaatcoalitie-coalitionclimat.be/fr/cliques/#breadcrumb"},"inLanguage":"fr-FR","potentialAction":[{"@type":"ReadAction","target":["https://klimaatcoalitie-coalitionclimat.be/fr/cliques/"]}]},{"@type":"BreadcrumbList","@id":"https://klimaatcoalitie-coalitionclimat.be/fr/cliques/#breadcrumb","itemListElement":[{"@type":"ListItem","position":1,"name":"Accueil","item":"https://klimaatcoalitie-coalitionclimat.be/fr/"},{"@type":"ListItem","position":2,"name":"Cliques"}]},{"@type":"WebSite","@id":"https://klimaatcoalitie-coalitionclimat.be/fr/#website","url":"https://klimaatcoalitie-coalitionclimat.be/fr/","name":"Coalition Climat","description":"Verenigt, versterkt en mobiliseert iedereen in Belgi&euml; die ijvert voor een leefbaar klimaat.","publisher":{"@id":"https://klimaatcoalitie-coalitionclimat.be/fr/#organization"},"potentialAction":[{"@type":"SearchAction","target":{"@type":"EntryPoint","urlTemplate":"https://klimaatcoalitie-coalitionclimat.be/fr/?s={search_term_string}"},"query-input":{"@type":"PropertyValueSpecification","valueRequired":true,"valueName":"search_term_string"}}],"inLanguage":"fr-FR"},{"@type":"Organization","@id":"https://klimaatcoalitie-coalitionclimat.be/fr/#organization","name":"Coalition Climat","url":"https://klimaatcoalitie-coalitionclimat.be/fr/","logo":{"@type":"ImageObject","inLanguage":"fr-FR","@id":"https://klimaatcoalitie-coalitionclimat.be/fr/#/schema/logo/image/","url":"https://klimaatcoalitie-coalitionclimat.be/wp-content/uploads/2023/07/logo-sticker-full.svg","contentUrl":"https://klimaatcoalitie-coalitionclimat.be/wp-content/uploads/2023/07/logo-sticker-full.svg","width":297,"height":98,"caption":"Coalition Climat"},"image":{"@id":"https://klimaatcoalitie-coalitionclimat.be/fr/#/schema/logo/image/"}}]}</script>
<!-- / Yoast SEO plugin. -->

Déjà cliques créées ! Le 5 octobre, fais entendre ta voix. Crie, chante, joue d’un instrument, danse pour le climat! Mais c&rsquo;est quoi une clique? Ce sont des personnes qui [&hellip;]
