{"version":"1.0","provider_name":"Coalition Climat","provider_url":"https:\/\/klimaatcoalitie-coalitionclimat.be\/fr\/","title":"Ouvrons le d\u00e9bat ! - Coalition Climat","type":"rich","width":600,"height":338,"html":"<blockquote class=\"wp-embedded-content\" data-secret=\"mNQvon6fGn\"><a href=\"https:\/\/klimaatcoalitie-coalitionclimat.be\/fr\/event\/ouvrons-le-debat\/\">Ouvrons le d\u00e9bat !<\/a><\/blockquote><iframe sandbox=\"allow-scripts\" security=\"restricted\" src=\"https:\/\/klimaatcoalitie-coalitionclimat.be\/fr\/event\/ouvrons-le-debat\/embed\/#?secret=mNQvon6fGn\" width=\"600\" height=\"338\" title=\"\u00ab\u00a0Ouvrons le d\u00e9bat !\u00a0\u00bb &#8212; Coalition Climat\" data-secret=\"mNQvon6fGn\" frameborder=\"0\" marginwidth=\"0\" marginheight=\"0\" scrolling=\"no\" class=\"wp-embedded-content\"><\/iframe><script type=\"text\/javascript\">\n\/* <![CDATA[ *\/\n\/*! This file is auto-generated *\/\n!function(d,l){\"use strict\";l.querySelector&&d.addEventListener&&\"undefined\"!=typeof URL&&(d.wp=d.wp||{},d.wp.receiveEmbedMessage||(d.wp.receiveEmbedMessage=function(e){var t=e.data;if((t||t.secret||t.message||t.value)&&!\/[^a-zA-Z0-9]\/.test(t.secret)){for(var s,r,n,a=l.querySelectorAll('iframe[data-secret=\"'+t.secret+'\"]'),o=l.querySelectorAll('blockquote[data-secret=\"'+t.secret+'\"]'),c=new RegExp(\"^https?:$\",\"i\"),i=0;i<o.length;i++)o[i].style.display=\"none\";for(i=0;i<a.length;i++)s=a[i],e.source===s.contentWindow&&(s.removeAttribute(\"style\"),\"height\"===t.message?(1e3<(r=parseInt(t.value,10))?r=1e3:~~r<200&&(r=200),s.height=r):\"link\"===t.message&&(r=new URL(s.getAttribute(\"src\")),n=new URL(t.value),c.test(n.protocol))&&n.host===r.host&&l.activeElement===s&&(d.top.location.href=t.value))}},d.addEventListener(\"message\",d.wp.receiveEmbedMessage,!1),l.addEventListener(\"DOMContentLoaded\",function(){for(var e,t,s=l.querySelectorAll(\"iframe.wp-embedded-content\"),r=0;r<s.length;r++)(t=(e=s[r]).getAttribute(\"data-secret\"))||(t=Math.random().toString(36).substring(2,12),e.src+=\"#?secret=\"+t,e.setAttribute(\"data-secret\",t)),e.contentWindow.postMessage({message:\"ready\",secret:t},\"*\")},!1)))}(window,document);\n\/\/# sourceURL=https:\/\/klimaatcoalitie-coalitionclimat.be\/wp-includes\/js\/wp-embed.min.js\n\/* ]]> *\/\n<\/script>\n","thumbnail_url":"https:\/\/klimaatcoalitie-coalitionclimat.be\/wp-content\/uploads\/2024\/02\/jeunesse-bxl-transition-climatique.png","thumbnail_width":468,"thumbnail_height":534,"description":"Pendant une soir\u00e9e, le Forum des Jeunes et JES Brussels vous invitent \u00e0 discuter transition climatique avec des responsables politiques de la R\u00e9gion bruxelloise. L\u2019occasion de donner la parole aux jeunes, au secteur associatif et aux personnes qui travaillent dans le secteur de la jeunesse !Un moment de rencontre in\u00e9dit pour :D\u00e9couvrir des projets inspirants men\u00e9s par les jeunesD\u00e9couvrir, en avant-premi\u00e8re, les recommandations du Forum des Jeunes et de JES Brussels concernant la participation des jeunes \u00e0 la transition climatique!\u00a0R\u00e9sultats d\u2019une consultation de plus de 500 jeunes dans tout Bruxelles !"}

Ouvrons le débat ! - Coalition Climat

<blockquote class="wp-embedded-content" data-secret="mNQvon6fGn"><a href="https://klimaatcoalitie-coalitionclimat.be/fr/event/ouvrons-le-debat/">Ouvrons le débat !</a></blockquote><iframe sandbox="allow-scripts" security="restricted" src="https://klimaatcoalitie-coalitionclimat.be/fr/event/ouvrons-le-debat/embed/#?secret=mNQvon6fGn" width="600" height="338" title="« Ouvrons le débat ! » &#8212; Coalition Climat" data-secret="mNQvon6fGn" frameborder="0" marginwidth="0" marginheight="0" scrolling="no" class="wp-embedded-content"></iframe><script type="text/javascript">
/* <![CDATA[ */
/*! This file is auto-generated */
!function(d,l){"use strict";l.querySelector&&d.addEventListener&&"undefined"!=typeof URL&&(d.wp=d.wp||{},d.wp.receiveEmbedMessage||(d.wp.receiveEmbedMessage=function(e){var t=e.data;if((t||t.secret||t.message||t.value)&&!/[^a-zA-Z0-9]/.test(t.secret)){for(var s,r,n,a=l.querySelectorAll('iframe[data-secret="'+t.secret+'"]'),o=l.querySelectorAll('blockquote[data-secret="'+t.secret+'"]'),c=new RegExp("^https?:$","i"),i=0;i<o.length;i++)o[i].style.display="none";for(i=0;i<a.length;i++)s=a[i],e.source===s.contentWindow&&(s.removeAttribute("style"),"height"===t.message?(1e3<(r=parseInt(t.value,10))?r=1e3:~~r<200&&(r=200),s.height=r):"link"===t.message&&(r=new URL(s.getAttribute("src")),n=new URL(t.value),c.test(n.protocol))&&n.host===r.host&&l.activeElement===s&&(d.top.location.href=t.value))}},d.addEventListener("message",d.wp.receiveEmbedMessage,!1),l.addEventListener("DOMContentLoaded",function(){for(var e,t,s=l.querySelectorAll("iframe.wp-embedded-content"),r=0;r<s.length;r++)(t=(e=s[r]).getAttribute("data-secret"))||(t=Math.random().toString(36).substring(2,12),e.src+="#?secret="+t,e.setAttribute("data-secret",t)),e.contentWindow.postMessage({message:"ready",secret:t},"*")},!1)))}(window,document);
//# sourceURL=https://klimaatcoalitie-coalitionclimat.be/wp-includes/js/wp-embed.min.js
/* ]]> */
</script>

Pendant une soirée, le Forum des Jeunes et JES Brussels vous invitent à discuter transition climatique avec des responsables politiques de la Région bruxelloise. L’occasion de donner la parole aux jeunes, au secteur associatif et aux personnes qui travaillent dans le secteur de la jeunesse !Un moment de rencontre inédit pour :Découvrir des projets inspirants menés par les jeunesDécouvrir, en avant-première, les recommandations du Forum des Jeunes et de JES Brussels concernant la participation des jeunes à la transition climatique! Résultats d’une consultation de plus de 500 jeunes dans tout Bruxelles !
